{"id":7856,"date":"2024-02-20T11:44:39","date_gmt":"2024-02-20T10:44:39","guid":{"rendered":"https:\/\/www.gemeinde-stapel.de\/stapel\/?page_id=7856"},"modified":"2025-07-29T11:47:24","modified_gmt":"2025-07-29T09:47:24","slug":"vermietung-eines-bueroraums-im-buergerhaus","status":"publish","type":"page","link":"https:\/\/www.gemeinde-stapel.de\/stapel\/vermietung-eines-bueroraums-im-buergerhaus\/","title":{"rendered":"B\u00fcror\u00e4ume im B\u00fcrgerhaus Stapel zu vermieten!"},"content":{"rendered":"<hr>\n<p>Die Gemeinde Stapel vermietet die folgenden B\u00fcror\u00e4ume im B\u00fcrgerhaus, Bahnhofstra\u00dfe 29 in Stapel:<\/p>\n<p>&#8211; 23,29 m\u00b2 = monatliche Miete 305,23 \u20ac,<br \/>\n&#8211; 15,22 m\u00b2 = monatliche Miete 199,47 \u20ac und<br \/>\n&#8211; 37,34 m\u00b2 = monatliche Miete 489,37 \u20ac.<\/p>\n<p>Die B\u00fcros stehen ab sofort zur Verf\u00fcgung. Die o. g. Miete umfasst eine Pauschale f\u00fcr Nebenkosten.<\/p>\n<p>Ansprechpartner der B\u00fcrgermeister Herr Lundelius, Tel.: 0160\/7116009, E-Mail: <a href=\"mailto:buergermeister@gemeinde-stapel.de\">buergermeister@gemeinde-stapel.de<\/a><br \/>\noder dem Amt Kropp-Stapelholm, Frau Stache, Tel.: 04624\/7226, E-Mail: <a href=\"mailto:l.stache@amt-ks.de\">l.stache@amt-ks.de<\/a> in Verbindung.<\/p>\n<p>Gemeinde Stapel<br \/>\n&#8211; Der B\u00fcrgermeister &#8211;<\/p>\n<p>Stand: 23.7.2025<\/p>\n","protected":false},"excerpt":{"rendered":"<p>Die Gemeinde Stapel vermietet die folgenden B\u00fcror\u00e4ume im B\u00fcrgerhaus, Bahnhofstra\u00dfe 29 in Stapel: &#8211; 23,29 m\u00b2 = monatliche Miete 305,23 \u20ac, &#8211; 15,22 m\u00b2 = monatliche Miete 199,47 \u20ac und &#8211; 37,34 m\u00b2 = monatliche Miete 489,37 \u20ac. Die B\u00fcros stehen ab sofort zur Verf\u00fcgung. Die o. g. Miete umfasst eine Pauschale f\u00fcr Nebenkosten. Ansprechpartner der B\u00fcrgermeister Herr Lundelius, Tel.: 0160\/7116009, E-Mail: buergermeister@gemeinde-stapel.de oder dem Amt Kropp-Stapelholm, Frau Stache, Tel.: 04624\/7226, E-Mail: l.stache@amt-ks.de in Verbindung. Gemeinde Stapel &#8211; Der B\u00fcrgermeister &#8211; Stand: 23.7.2025<\/p>\n","protected":false},"author":1,"featured_media":0,"parent":0,"menu_order":0,"comment_status":"closed","ping_status":"closed","template":"","meta":{"footnotes":""},"class_list":["post-7856","page","type-page","status-publish","hentry"],"_links":{"self":[{"href":"https:\/\/www.gemeinde-stapel.de\/stapel\/wp-json\/wp\/v2\/pages\/7856","targetHints":{"allow":["GET"]}}],"collection":[{"href":"https:\/\/www.gemeinde-stapel.de\/stapel\/wp-json\/wp\/v2\/pages"}],"about":[{"href":"https:\/\/www.gemeinde-stapel.de\/stapel\/wp-json\/wp\/v2\/types\/page"}],"author":[{"embeddable":true,"href":"https:\/\/www.gemeinde-stapel.de\/stapel\/wp-json\/wp\/v2\/users\/1"}],"replies":[{"embeddable":true,"href":"https:\/\/www.gemeinde-stapel.de\/stapel\/wp-json\/wp\/v2\/comments?post=7856"}],"version-history":[{"count":10,"href":"https:\/\/www.gemeinde-stapel.de\/stapel\/wp-json\/wp\/v2\/pages\/7856\/revisions"}],"predecessor-version":[{"id":9253,"href":"https:\/\/www.gemeinde-stapel.de\/stapel\/wp-json\/wp\/v2\/pages\/7856\/revisions\/9253"}],"wp:attachment":[{"href":"https:\/\/www.gemeinde-stapel.de\/stapel\/wp-json\/wp\/v2\/media?parent=7856"}],"curies":[{"name":"wp","href":"https:\/\/api.w.org\/{rel}","templated":true}]}}