{"id":44,"date":"2018-09-12T15:38:58","date_gmt":"2018-09-12T13:38:58","guid":{"rendered":"https:\/\/www.gemeinde-stapel.de\/stapel\/?page_id=44"},"modified":"2026-03-25T12:39:09","modified_gmt":"2026-03-25T11:39:09","slug":"freizeit","status":"publish","type":"page","link":"https:\/\/www.gemeinde-stapel.de\/stapel\/freizeit\/","title":{"rendered":"Freizeitaktivit\u00e4ten"},"content":{"rendered":"<hr \/>\n<h3>Aktivit\u00e4ten f\u00fcr Drau\u00dfen<\/h3>\n<hr \/>\n<p><b><a href=\"https:\/\/www.gemeinde-stapel.de\/stapel\/wp-content\/uploads\/2020\/10\/Stapelholmer-Sternenkiek-Oster-Liederweg.jpeg\" data-rel=\"lightbox-image-0\" data-rl_title=\"\" data-rl_caption=\"\" title=\"\"><img loading=\"lazy\" decoding=\"async\" class=\"alignleft size-medium wp-image-4166\" src=\"https:\/\/www.gemeinde-stapel.de\/stapel\/wp-content\/uploads\/2020\/10\/Stapelholmer-Sternenkiek-Oster-Liederweg-300x205.jpeg\" alt=\"\" width=\"300\" height=\"205\" srcset=\"https:\/\/www.gemeinde-stapel.de\/stapel\/wp-content\/uploads\/2020\/10\/Stapelholmer-Sternenkiek-Oster-Liederweg-300x205.jpeg 300w, https:\/\/www.gemeinde-stapel.de\/stapel\/wp-content\/uploads\/2020\/10\/Stapelholmer-Sternenkiek-Oster-Liederweg-768x524.jpeg 768w, https:\/\/www.gemeinde-stapel.de\/stapel\/wp-content\/uploads\/2020\/10\/Stapelholmer-Sternenkiek-Oster-Liederweg.jpeg 1000w\" sizes=\"auto, (max-width: 300px) 100vw, 300px\" \/><\/a>Stapelholmer Sternenkiek &#8218;Oster-Liederweg&#8216;<\/b><\/p>\n<p>In Stapelholm haben wir es gut: Durch die d\u00fcnne Besiedlung sind die Niederungen von Eider, Treene und Sorge ein Gebiet mit geringer \u201eLichtverschmutzung\u201c geblieben, und die Sterne am n\u00e4chtlichen Himmel strahlen hier besonders sch\u00f6n. Die Projektgruppe \u201eStapelholmer Sternenkieker\u201c im F\u00f6rderverein Landschaft Stapelholm hat gemeinsam mit der Gemeinde Stapel am Oster-Liederweg einen \u00f6ffentlichen Platz zur Himmelsbeobachtung eingerichtet. Hier k\u00f6nnen sich interessierte B\u00fcrger, Schulklassen, Touristen, Hobbyastronomen und Astrofotografen am Nachthimmel erfreuen. Am Sternenkiek steht eine Infotafel mit Erl\u00e4uterungen zu astronomischen Besonderheiten, darin integriert ist eine drehbare Sternkarte. Ein Polarsternfinder erm\u00f6glicht das leichte Auffinden des Nordsterns f\u00fcr die weitere Orientierung am Nachthimmel. Zus\u00e4tzlich gibt es mehrere Fernglas-Aufsetzer in unterschiedlicher H\u00f6he. Eine bequeme Bank mit geschwungener Sitzfl\u00e4che l\u00e4dt zum meditativen Betrachten des Himmels ein. Das Sternenkieker-Projekt wird gef\u00f6rdert durch die AktivRegion Eider-Treene-Sorge. N\u00e4here Informationen unter: <a href=\"https:\/\/sternen.landschaft-stapelholm.de\/\" target=\"_blank\" rel=\"noopener noreferrer\">https:\/\/sternen.landschaft-stapelholm.de<\/a><\/p>\n<hr \/>\n<p><b><a href=\"https:\/\/www.gemeinde-stapel.de\/stapel\/wp-content\/uploads\/2026\/03\/Bouleplatz.jpg\" data-rel=\"lightbox-image-1\" data-rl_title=\"\" data-rl_caption=\"\" title=\"\"><img loading=\"lazy\" decoding=\"async\" src=\"https:\/\/www.gemeinde-stapel.de\/stapel\/wp-content\/uploads\/2026\/03\/Bouleplatz-300x203.jpg\" alt=\"\" width=\"300\" height=\"203\" class=\"alignright size-medium wp-image-10169\" srcset=\"https:\/\/www.gemeinde-stapel.de\/stapel\/wp-content\/uploads\/2026\/03\/Bouleplatz-300x203.jpg 300w, https:\/\/www.gemeinde-stapel.de\/stapel\/wp-content\/uploads\/2026\/03\/Bouleplatz.jpg 743w\" sizes=\"auto, (max-width: 300px) 100vw, 300px\" \/><\/a>Beachvolleyball &#038; Boulebahn<\/b><\/p>\n<p>Neben unserem Sportverein bietet auch die Gemeinde eine M\u00f6glichkeit der sportlichen Freizeitgestaltung. Am Eiderstrand zwischen unserem Pavillon und dem Sanit\u00e4rhaus ist eine Beachvolleyballanlage vom 15. April bis 15. September eingerichtet. Jeden Montag und Freitag ab 19.00 Uhr wird bei entsprechend gutem Wetter gebaggert und gepritscht. Die aktiven Volleyballer des Sportvereins bringen den Ball mit und du kannst jederzeit dazu kommen.<\/p>\n<p>Seit Sommer 2025 existiert neben der Volleyballanlage auch eine Boulebahn (P&eacute;tanque) mit 2&nbsp;Feldern.<\/p>\n<hr \/>\n<p><b><a href=\"https:\/\/www.gemeinde-stapel.de\/stapel\/wp-content\/uploads\/2025\/01\/P1170014.jpeg\" data-rel=\"lightbox-image-2\" data-rl_title=\"\" data-rl_caption=\"\" title=\"\"><img loading=\"lazy\" decoding=\"async\" src=\"https:\/\/www.gemeinde-stapel.de\/stapel\/wp-content\/uploads\/2025\/01\/P1170014-300x214.jpeg\" alt=\"\" width=\"300\" height=\"214\" class=\"alignleft size-medium wp-image-8631\" srcset=\"https:\/\/www.gemeinde-stapel.de\/stapel\/wp-content\/uploads\/2025\/01\/P1170014-300x214.jpeg 300w, https:\/\/www.gemeinde-stapel.de\/stapel\/wp-content\/uploads\/2025\/01\/P1170014.jpeg 640w\" sizes=\"auto, (max-width: 300px) 100vw, 300px\" \/><\/a>Kanurastpl\u00e4tze<\/b><\/p>\n<p>Stapel liegt inmitten Schleswig-Holsteins gr\u00f6\u00dfter zusammenh\u00e4ngender Flusslandschaft an Eider, Treene und Sorge. Sanft schl\u00e4ngeln sich die Fl\u00fcsse durch die einzigartige Landschaft mit reetgedeckten H\u00e4usern, weiten Wiesen und urigen Mooren.<br \/>\nAbseits vom Alltag erleben Sie im \u201eDreistromland\u201c die reizvolle Natur. Stolzierende St\u00f6rche, weidende K\u00fche und rufende Kiebitze pr\u00e4gen das kleine St\u00fcck vom Paradies. Entdecken Sie auf Ihrer Paddeltour diese einzigartige Natur- und Kulturlandschaft.<br \/>\nAn der Badestelle in Stapel ist ein Kanurastplatz eingerichtet, der den Ein- und Ausstieg zum Erkunden und Verweilen m\u00f6glich macht. Die n\u00e4chste Einsetzstelle an der Treene befindet sich in S\u00fcderh\u00f6ft (NATO-Br\u00fccke). Ein kleinerer Kanurastplatz befindet sich auf der H\u00f6he der ehemaligen Huder F\u00e4hre.<br \/><a href=\"https:\/\/www.gruenes-binnenland.de\/aktivitaeten\/kanufahren\/\" target=\"_blank\">www.gruenes-binnenland.de\/aktivitaeten\/kanufahren<\/a><\/p>\n<hr \/>\n<p><a href=\"https:\/\/www.gemeinde-stapel.de\/stapel\/wp-content\/uploads\/2022\/07\/Spielgera\u0308t.jpg\" data-rel=\"lightbox-image-3\" data-rl_title=\"\" data-rl_caption=\"\" title=\"\"><img loading=\"lazy\" decoding=\"async\" class=\"size-medium wp-image-5861 alignright\" src=\"https:\/\/www.gemeinde-stapel.de\/stapel\/wp-content\/uploads\/2022\/07\/Spielgera\u0308t-300x198.jpg\" alt=\"\" width=\"300\" height=\"198\" srcset=\"https:\/\/www.gemeinde-stapel.de\/stapel\/wp-content\/uploads\/2022\/07\/Spielgera\u0308t-300x198.jpg 300w, https:\/\/www.gemeinde-stapel.de\/stapel\/wp-content\/uploads\/2022\/07\/Spielgera\u0308t-768x507.jpg 768w, https:\/\/www.gemeinde-stapel.de\/stapel\/wp-content\/uploads\/2022\/07\/Spielgera\u0308t-500x330.jpg 500w, https:\/\/www.gemeinde-stapel.de\/stapel\/wp-content\/uploads\/2022\/07\/Spielgera\u0308t.jpg 1000w\" sizes=\"auto, (max-width: 300px) 100vw, 300px\" \/><\/a><\/p>\n<p><b>Kinderspielplatz in der N\u00e4he des Eiderstrandes<\/b><\/p>\n<p>Von den Kindern begeistert angenommen wird der Kinderspielplatz direkt neben dem Tor zum Natur-Badestrand Stapels. Hier finden die Kleinen eine gro\u00dfe Sandkiste und mehrere Schaukeln. Auf einem Kletterger\u00fcst in Form einer Lokomotive k\u00f6nnen die kleinen Besucher\/innen ihre Geschicklichkeit im Bewegen zeigen und ausbauen.<br \/>\nH\u00f6hepunkt ist die neu angelegte Seilanlage \u2013 \u00fcber viele Meter hinweg \u201erauschen\u201c die Kinder auf einem Sitz vom Start zum Ziel! Manchmal ben\u00f6tigen sie noch die Hilfe der Erwachsenen, aber bereits im Vorschulalter zeigen uns die Kleinen, wie hervorragend sie diese Seilanlage beherrschen.<\/p>\n<hr \/>\n<p><a href=\"https:\/\/www.gemeinde-stapel.de\/stapel\/wp-content\/uploads\/2022\/07\/P1170330.jpg\" data-rel=\"lightbox-image-4\" data-rl_title=\"\" data-rl_caption=\"\" title=\"\"><img loading=\"lazy\" decoding=\"async\" class=\"alignleft size-medium wp-image-5844\" src=\"https:\/\/www.gemeinde-stapel.de\/stapel\/wp-content\/uploads\/2022\/07\/P1170330-300x200.jpg\" alt=\"\" width=\"300\" height=\"200\" srcset=\"https:\/\/www.gemeinde-stapel.de\/stapel\/wp-content\/uploads\/2022\/07\/P1170330-300x200.jpg 300w, https:\/\/www.gemeinde-stapel.de\/stapel\/wp-content\/uploads\/2022\/07\/P1170330-768x512.jpg 768w, https:\/\/www.gemeinde-stapel.de\/stapel\/wp-content\/uploads\/2022\/07\/P1170330.jpg 1024w\" sizes=\"auto, (max-width: 300px) 100vw, 300px\" \/><\/a><b>Naturbadestrand<\/b><\/p>\n<p>Abseits der Stra\u00dfe, direkt an der Eiderschleife in der N\u00e4he des kleinen Yachthafens liegt der malerische Natur-Badestrand Stapels. Einzigartig ist der Blick \u00fcber die Eider zu beiden Seiten, das saubere Wasser lockt zu einem Sprung ins k\u00fchle Nass. Der Erholungssuchende findet hier eine romantische Umgebung, Ruhe und N\u00e4he zur Natur. Kinder finden hier Platz zum Turnen und Toben auf dem benachbarten Spielplatz. Auch an den treuen Vierbeiner ist gedacht worden: Hinter dem Sanit\u00e4rgeb\u00e4ude befindet sich der Hundebadestrand!<\/p>\n<p>&nbsp;<\/p>\n<hr \/>\n<p><b><a href=\"https:\/\/www.gemeinde-stapel.de\/stapel\/wp-content\/uploads\/2019\/09\/Freizeit-Radfahren-IMG_6907-2-2-e1568972239571.jpg\" data-rel=\"lightbox-image-5\" data-rl_title=\"\" data-rl_caption=\"\" title=\"\"><img loading=\"lazy\" decoding=\"async\" class=\"wp-image-2811 size-medium alignright\" src=\"https:\/\/www.gemeinde-stapel.de\/stapel\/wp-content\/uploads\/2019\/09\/Freizeit-Radfahren-IMG_6907-2-2-e1568972239571-300x157.jpg\" alt=\"\" width=\"300\" height=\"157\" srcset=\"https:\/\/www.gemeinde-stapel.de\/stapel\/wp-content\/uploads\/2019\/09\/Freizeit-Radfahren-IMG_6907-2-2-e1568972239571-300x157.jpg 300w, https:\/\/www.gemeinde-stapel.de\/stapel\/wp-content\/uploads\/2019\/09\/Freizeit-Radfahren-IMG_6907-2-2-e1568972239571.jpg 710w\" sizes=\"auto, (max-width: 300px) 100vw, 300px\" \/><\/a>Rad-, Reit und Wanderwege<\/b><\/p>\n<p>Die Gemeinde Stapel sowie die Landschaft Stapelholm bieten viele Kilometer an Rad-, Reit- und Wanderwegen. Besonders der S\u00fcderstapler Westerkoog beeindruckt durch seine Vielfalt an Flora und Fauna. Er ist Teil des 15000 ha gro\u00dfen Vogelschutzgebietes der Eider-Treene- Sorge-Niederungen.<\/p>\n<p>&nbsp;<\/p>\n<hr \/>\n<h3>Aktivit\u00e4ten f\u00fcr Drinnen<\/h3>\n<hr \/>\n<p><b>Fahrb\u00fccherei<\/b><\/p>\n<p>Zust\u00e4ndig ist die Fahrb\u00fccherei 7 im Kreis Schleswig-Flensburg<br \/>\nTelefon: 04836 \/ 210 476<br \/>\nE-Mail: <a href=\"mailto:info@fahrbuecherei7.de\">info@fahrbuecherei7.de<\/a><br \/>\n<a href=\"http:\/\/www.fahrbuecherei7.de\" target=\"_blank\" rel=\"noopener\">www.fahrbuecherei7.de<\/a><\/p>\n<p><a href=\"https:\/\/www.gemeinde-stapel.de\/stapel\/wp-content\/uploads\/2019\/02\/Buecherbus.jpg\" data-rel=\"lightbox-image-6\" data-rl_title=\"\" data-rl_caption=\"\" title=\"\"><img loading=\"lazy\" decoding=\"async\" class=\"alignright wp-image-2143 size-medium\" src=\"https:\/\/www.gemeinde-stapel.de\/stapel\/wp-content\/uploads\/2019\/02\/Buecherbus-300x213.jpg\" alt=\"\" width=\"300\" height=\"213\" srcset=\"https:\/\/www.gemeinde-stapel.de\/stapel\/wp-content\/uploads\/2019\/02\/Buecherbus-300x213.jpg 300w, https:\/\/www.gemeinde-stapel.de\/stapel\/wp-content\/uploads\/2019\/02\/Buecherbus-768x545.jpg 768w, https:\/\/www.gemeinde-stapel.de\/stapel\/wp-content\/uploads\/2019\/02\/Buecherbus.jpg 1000w\" sizes=\"auto, (max-width: 300px) 100vw, 300px\" \/><\/a>Das Angebot der Fahrb\u00fccherei umfasst einen Gesamtbestand von 25.000 Medien: B\u00fccher, Zeitschriften, AV-Medien, e-Medien, davon 4.000 Medien zur Auswahl im B\u00fccherbus. Viele aktuelle B\u00fccher werden regelm\u00e4\u00dfig neu angeschafft. Individuelle bibliothekarische Beratung.<br \/>\nFernleihbestellungen: Sie k\u00f6nnen sich Medien, die wir nicht besitzen, aus anderen B\u00fcchereien in Schleswig-Holstein zu Ihrer Haltestelle bestellen oder wir \u00fcbernehmen dies f\u00fcr Sie. Bereitstellung von Medienboxen f\u00fcr die Gruppenarbeit mit Senioren.<br \/>\nAusleihtage alle 4 Wochen, immer freitags. Wann der Bus der Fahrb\u00fccherei nach Stapel kommt, ist im Terminkalender der Gemeinde angegeben.<\/p>\n<p>\nHaltestellen in Stapel:<br \/>\nBahnhofstra\u00dfe 31, DRK Kindergarten 12:05 &#8211; 12:40 Uhr<br \/>\nM\u00fchlenstra\u00dfe 5, Bushaltestelle 13:40 &#8211; 14:20 Uhr<br \/>\nHauptstra\u00dfe 22, Gasthaus Niemeyer 14:30 &#8211; 14:50 Uhr<\/p>\n<hr \/>\n<p><a href=\"https:\/\/www.gemeinde-stapel.de\/stapel\/wp-content\/uploads\/2018\/11\/Ansicht-Hauptstr-P1010233.jpg\" data-rel=\"lightbox-image-7\" data-rl_title=\"\" data-rl_caption=\"\" title=\"\"><img loading=\"lazy\" decoding=\"async\" class=\"size-medium wp-image-899 alignleft\" src=\"https:\/\/www.gemeinde-stapel.de\/stapel\/wp-content\/uploads\/2018\/11\/Ansicht-Hauptstr-P1010233-300x194.jpg\" alt=\"\" width=\"300\" height=\"194\" srcset=\"https:\/\/www.gemeinde-stapel.de\/stapel\/wp-content\/uploads\/2018\/11\/Ansicht-Hauptstr-P1010233-300x194.jpg 300w, https:\/\/www.gemeinde-stapel.de\/stapel\/wp-content\/uploads\/2018\/11\/Ansicht-Hauptstr-P1010233-768x497.jpg 768w, https:\/\/www.gemeinde-stapel.de\/stapel\/wp-content\/uploads\/2018\/11\/Ansicht-Hauptstr-P1010233.jpg 890w\" sizes=\"auto, (max-width: 300px) 100vw, 300px\" \/><\/a><b>Musikzug der Feuerwehr<\/b><\/p>\n<p>Im Ger\u00e4tehaus der Stapler Feuerwehr probt t\u00e4glich au\u00dfer mittwochs der Musikzug Stapel.<span class=\"Apple-converted-space\">\u00a0 <\/span>Jedermann ist herzlich eingeladen, sich das Treiben und den Ausbildungsstand dieses 50\u2013k\u00f6pfigen Orchesters anzuschauen. Wir sind ein Klangk\u00f6rper mit derzeit 25 aktiven und genau so vielen Nachwuchsbl\u00e4sern.<br \/>\n<a href=\"http:\/\/www.das-orchester.jimdo.com\/\" target=\"_blank\" rel=\"noopener noreferrer\">www.das-orchester.jimdo.com<\/a><\/p>\n<p>&nbsp;<\/p>\n<hr \/>\n<p><strong>Essen in Gemeinschaft<\/strong><br \/>\nDas &#8222;Essen in Gemeinschaft&#8220; findet immer am letzten Mittwoch jeden Monats um 12.00 Uhr im Gemeindehaus der Kirchengemeinde Stapel, Meiereistra\u00dfe 5, statt. Es gibt ein leckeres Hauptgericht mit Nachtisch und ein Getr\u00e4nk nach Wahl. Eingeladen sind Alt und Jung aus Stapel und Umgebung. Die Termine werden auf der  <a href=\"https:\/\/www.gemeinde-stapel.de\/stapel\/termine\/\">Terminseite<\/a> der Gemeinde sowie im <em>Stapelholm-Kurier<\/em> und in <em>Die Woche <\/em>ver\u00f6ffentlicht.<\/p>\n<p><strong>B\u00fccherstube im B\u00fcrgerhaus Stapel<\/strong><br \/>\nStapelholmer B\u00fcrger\/innen haben dem Tauschring ausgelesene B\u00fccher zur Verf\u00fcgung gestellt, die entliehen, getauscht oder mitgenommen werden k\u00f6nnen.<br \/>\nEs werden B\u00fccher guter Qualit\u00e4t zur Verf\u00fcgung gestellt, so dass das Angebot sehr vielf\u00e4ltig ist. Die B\u00fccherstube ist w\u00e4hrend der <a href=\"https:\/\/www.gemeinde-stapel.de\/stapel\/adressen#amt\">\u00d6ffnungszeiten<\/a> des Amtes Stapelholm, Au\u00dfenstelle Stapel, Bahnhofstra\u00dfe 29, frei zug\u00e4nglich.<\/p>\n<p><strong>Strickstammtisch<\/strong><br \/>\nAn jedem zweiten Sonnabend im Monat um 14.30 Uhr treffen sich ganz zwanglos im Gemeindehaus der Kirchengemeinde Stapel, Meiereistra\u00dfe 5, die Menschen, die Freude am Handarbeiten und Gestalten sch\u00f6ner Dinge haben. Bei Kaffee und Kuchen werden Erfahrungen ausgetauscht und Hilfe bei allen Handarbeiten gern geleistet. Die Termine werden auf der  <a href=\"https:\/\/www.gemeinde-stapel.de\/stapel\/termine\/\">Terminseite<\/a> der Gemeinde ver\u00f6ffentlicht.<\/p>\n<p><strong>Offene T\u00fcren im Advent<\/strong><br \/>\nStapeler Familien \u00f6ffnen ihre T\u00fcren und Tore, um gemeinsam mit Nachbarn und Freunden Advent zu feiern. Eine geschm\u00fcckte Zahl im Fenster oder an der T\u00fcr zeigt an: Hier wohnt ein Gastgeber\/eine Gastgeberin. Eine Geschichte, ein Gedicht, gemeinsames Singen lassen Vorweihnachtfreude aufkommen, und bei einem warmen Getr\u00e4nk wird gekl\u00f6nt. Die Treffen beginnen jeweils um 18.30 Uhr und dauern ca. 45&nbsp;Minuten. Die G\u00e4ste werden gebeten, einen Becher mitzubringen.<\/p>\n<p><strong>Gemeinsames Singen<\/strong><br \/>\nDie Sangesfreudigen treffen sich einmal im Monat, immer an einem Freitag um 19.00 Uhr im Gemeindehaus der Kirchengemeinde Stapel, Meiereistra\u00dfe 5. Dauer ca. eine Stunde. Die Termine werden auf der  <a href=\"https:\/\/www.gemeinde-stapel.de\/stapel\/termine\/\">Terminseite<\/a> der Gemeinde sowie im <em>Stapelholm-Kurier<\/em> und in <em>Die Woche <\/em>ver\u00f6ffentlicht.<\/p>\n","protected":false},"excerpt":{"rendered":"<p>Aktivit\u00e4ten f\u00fcr Drau\u00dfen Stapelholmer Sternenkiek &#8218;Oster-Liederweg&#8216; In Stapelholm haben wir es gut: Durch die d\u00fcnne Besiedlung sind die Niederungen von Eider, Treene und Sorge ein Gebiet mit geringer \u201eLichtverschmutzung\u201c geblieben, und die Sterne am n\u00e4chtlichen Himmel strahlen hier besonders sch\u00f6n. Die Projektgruppe \u201eStapelholmer Sternenkieker\u201c im F\u00f6rderverein Landschaft Stapelholm hat gemeinsam mit der Gemeinde Stapel am Oster-Liederweg einen \u00f6ffentlichen Platz zur Himmelsbeobachtung eingerichtet. Hier k\u00f6nnen sich interessierte B\u00fcrger, Schulklassen, Touristen, Hobbyastronomen und Astrofotografen am Nachthimmel erfreuen. Am Sternenkiek steht eine Infotafel mit Erl\u00e4uterungen zu astronomischen Besonderheiten, darin integriert ist eine drehbare Sternkarte. Ein Polarsternfinder erm\u00f6glicht das leichte Auffinden des Nordsterns f\u00fcr die weitere Orientierung am Nachthimmel. Zus\u00e4tzlich gibt es mehrere Fernglas-Aufsetzer in unterschiedlicher H\u00f6he. Eine bequeme Bank mit geschwungener Sitzfl\u00e4che l\u00e4dt zum meditativen Betrachten des Himmels ein. Das Sternenkieker-Projekt wird gef\u00f6rdert durch die AktivRegion Eider-Treene-Sorge. N\u00e4here Informationen unter: https:\/\/sternen.landschaft-stapelholm.de Beachvolleyball &#038; Boulebahn Neben unserem Sportverein bietet auch die Gemeinde eine M\u00f6glichkeit der sportlichen Freizeitgestaltung. Am Eiderstrand zwischen unserem Pavillon und dem Sanit\u00e4rhaus ist eine Beachvolleyballanlage vom 15. April bis 15. September eingerichtet. Jeden Montag und Freitag ab 19.00 Uhr wird bei entsprechend gutem Wetter gebaggert und gepritscht. Die aktiven Volleyballer des Sportvereins bringen den Ball mit und du kannst jederzeit dazu kommen. Seit Sommer 2025 existiert neben der Volleyballanlage auch eine Boulebahn (P&eacute;tanque) mit 2&nbsp;Feldern. Kanurastpl\u00e4tze Stapel liegt inmitten Schleswig-Holsteins gr\u00f6\u00dfter zusammenh\u00e4ngender Flusslandschaft an Eider, Treene und Sorge. Sanft schl\u00e4ngeln sich die Fl\u00fcsse durch die einzigartige Landschaft mit reetgedeckten H\u00e4usern, weiten Wiesen und urigen Mooren. Abseits vom Alltag erleben Sie im \u201eDreistromland\u201c die reizvolle Natur. Stolzierende St\u00f6rche, weidende K\u00fche und rufende Kiebitze pr\u00e4gen das kleine St\u00fcck vom Paradies. Entdecken Sie auf Ihrer Paddeltour diese einzigartige Natur- und Kulturlandschaft. An der Badestelle in Stapel ist ein Kanurastplatz eingerichtet, der den Ein- und Ausstieg zum Erkunden und Verweilen m\u00f6glich macht. Die n\u00e4chste Einsetzstelle an der Treene befindet sich in S\u00fcderh\u00f6ft (NATO-Br\u00fccke). Ein kleinerer Kanurastplatz befindet sich auf der H\u00f6he der ehemaligen Huder F\u00e4hre.www.gruenes-binnenland.de\/aktivitaeten\/kanufahren Kinderspielplatz in der N\u00e4he des Eiderstrandes Von den Kindern begeistert angenommen wird der Kinderspielplatz direkt neben dem Tor zum Natur-Badestrand Stapels. Hier finden die Kleinen eine gro\u00dfe Sandkiste und mehrere Schaukeln. Auf einem Kletterger\u00fcst in Form einer Lokomotive k\u00f6nnen die kleinen Besucher\/innen ihre Geschicklichkeit im Bewegen zeigen und ausbauen. H\u00f6hepunkt ist die neu angelegte Seilanlage \u2013 \u00fcber viele Meter hinweg \u201erauschen\u201c die Kinder auf einem Sitz vom Start zum Ziel! Manchmal ben\u00f6tigen sie noch die Hilfe der Erwachsenen, aber bereits im Vorschulalter zeigen uns die Kleinen, wie hervorragend sie diese Seilanlage beherrschen. Naturbadestrand Abseits der Stra\u00dfe, direkt an der Eiderschleife in der N\u00e4he des kleinen Yachthafens liegt der malerische Natur-Badestrand Stapels. Einzigartig ist der Blick \u00fcber die Eider zu beiden Seiten, das saubere Wasser lockt zu einem Sprung ins k\u00fchle Nass. Der Erholungssuchende findet hier eine romantische Umgebung, Ruhe und N\u00e4he zur Natur. Kinder finden hier Platz zum Turnen und Toben auf dem benachbarten Spielplatz. Auch an den treuen Vierbeiner ist gedacht worden: Hinter dem Sanit\u00e4rgeb\u00e4ude befindet sich der Hundebadestrand! &nbsp; Rad-, Reit und Wanderwege Die Gemeinde Stapel sowie die Landschaft Stapelholm bieten viele Kilometer an Rad-, Reit- und Wanderwegen. Besonders der S\u00fcderstapler Westerkoog beeindruckt durch seine Vielfalt an Flora und Fauna. Er ist Teil des 15000 ha gro\u00dfen Vogelschutzgebietes der Eider-Treene- Sorge-Niederungen. &nbsp; Aktivit\u00e4ten f\u00fcr Drinnen Fahrb\u00fccherei Zust\u00e4ndig ist die Fahrb\u00fccherei 7 im Kreis Schleswig-Flensburg Telefon: 04836 \/ 210 476 E-Mail: info@fahrbuecherei7.de www.fahrbuecherei7.de Das Angebot der Fahrb\u00fccherei umfasst einen Gesamtbestand von 25.000 Medien: B\u00fccher, Zeitschriften, AV-Medien, e-Medien, davon 4.000 Medien zur Auswahl im B\u00fccherbus. Viele aktuelle B\u00fccher werden regelm\u00e4\u00dfig neu angeschafft. Individuelle bibliothekarische Beratung. Fernleihbestellungen: Sie k\u00f6nnen sich Medien, die wir nicht besitzen, aus anderen B\u00fcchereien in Schleswig-Holstein zu Ihrer Haltestelle bestellen oder wir \u00fcbernehmen dies f\u00fcr Sie. Bereitstellung von Medienboxen f\u00fcr die Gruppenarbeit mit Senioren. Ausleihtage alle 4 Wochen, immer freitags. Wann der Bus der Fahrb\u00fccherei nach Stapel kommt, ist im Terminkalender der Gemeinde angegeben. Haltestellen in Stapel: Bahnhofstra\u00dfe 31, DRK Kindergarten 12:05 &#8211; 12:40 Uhr M\u00fchlenstra\u00dfe 5, Bushaltestelle 13:40 &#8211; 14:20 Uhr Hauptstra\u00dfe 22, Gasthaus Niemeyer 14:30 &#8211; 14:50 Uhr Musikzug der Feuerwehr Im Ger\u00e4tehaus der Stapler Feuerwehr probt t\u00e4glich au\u00dfer mittwochs der Musikzug Stapel.\u00a0 Jedermann ist herzlich eingeladen, sich das Treiben und den Ausbildungsstand dieses 50\u2013k\u00f6pfigen Orchesters anzuschauen. Wir sind ein Klangk\u00f6rper mit derzeit 25 aktiven und genau so vielen Nachwuchsbl\u00e4sern. www.das-orchester.jimdo.com &nbsp; Essen in Gemeinschaft Das &#8222;Essen in Gemeinschaft&#8220; findet immer am letzten Mittwoch jeden Monats um 12.00 Uhr im Gemeindehaus der Kirchengemeinde Stapel, Meiereistra\u00dfe 5, statt. Es gibt ein leckeres Hauptgericht mit Nachtisch und ein Getr\u00e4nk nach Wahl. Eingeladen sind Alt und Jung aus Stapel und Umgebung. Die Termine werden auf der Terminseite der Gemeinde sowie im Stapelholm-Kurier und in Die Woche ver\u00f6ffentlicht. B\u00fccherstube im B\u00fcrgerhaus Stapel Stapelholmer B\u00fcrger\/innen haben dem Tauschring ausgelesene B\u00fccher zur Verf\u00fcgung gestellt, die entliehen, getauscht oder mitgenommen werden k\u00f6nnen. Es werden B\u00fccher guter Qualit\u00e4t zur Verf\u00fcgung gestellt, so dass das Angebot sehr vielf\u00e4ltig ist. Die B\u00fccherstube ist w\u00e4hrend der \u00d6ffnungszeiten des Amtes Stapelholm, Au\u00dfenstelle Stapel, Bahnhofstra\u00dfe 29, frei zug\u00e4nglich. Strickstammtisch An jedem zweiten Sonnabend im Monat um 14.30 Uhr treffen sich ganz zwanglos im Gemeindehaus der Kirchengemeinde Stapel, Meiereistra\u00dfe 5, die Menschen, die Freude am Handarbeiten und Gestalten sch\u00f6ner Dinge haben. Bei Kaffee und Kuchen werden Erfahrungen ausgetauscht und Hilfe bei allen Handarbeiten gern geleistet. Die Termine werden auf der Terminseite der Gemeinde ver\u00f6ffentlicht. Offene T\u00fcren im Advent Stapeler Familien \u00f6ffnen ihre T\u00fcren und Tore, um gemeinsam mit Nachbarn und Freunden Advent zu feiern. Eine geschm\u00fcckte Zahl im Fenster oder an der T\u00fcr zeigt an: Hier wohnt ein Gastgeber\/eine Gastgeberin. Eine Geschichte, ein Gedicht, gemeinsames Singen lassen Vorweihnachtfreude aufkommen, und bei einem warmen Getr\u00e4nk wird gekl\u00f6nt. Die Treffen beginnen jeweils um 18.30 Uhr und dauern ca. 45&nbsp;Minuten. Die G\u00e4ste werden gebeten, einen Becher mitzubringen. Gemeinsames Singen Die Sangesfreudigen treffen sich einmal im Monat, immer an einem Freitag um 19.00 Uhr im Gemeindehaus der Kirchengemeinde Stapel, Meiereistra\u00dfe 5. Dauer ca. eine Stunde. Die Termine werden auf der Terminseite der Gemeinde sowie im Stapelholm-Kurier und in Die Woche ver\u00f6ffentlicht.<\/p>\n","protected":false},"author":1,"featured_media":0,"parent":0,"menu_order":0,"comment_status":"closed","ping_status":"closed","template":"","meta":{"footnotes":""},"class_list":["post-44","page","type-page","status-publish","hentry"],"_links":{"self":[{"href":"https:\/\/www.gemeinde-stapel.de\/stapel\/wp-json\/wp\/v2\/pages\/44","targetHints":{"allow":["GET"]}}],"collection":[{"href":"https:\/\/www.gemeinde-stapel.de\/stapel\/wp-json\/wp\/v2\/pages"}],"about":[{"href":"https:\/\/www.gemeinde-stapel.de\/stapel\/wp-json\/wp\/v2\/types\/page"}],"author":[{"embeddable":true,"href":"https:\/\/www.gemeinde-stapel.de\/stapel\/wp-json\/wp\/v2\/users\/1"}],"replies":[{"embeddable":true,"href":"https:\/\/www.gemeinde-stapel.de\/stapel\/wp-json\/wp\/v2\/comments?post=44"}],"version-history":[{"count":11,"href":"https:\/\/www.gemeinde-stapel.de\/stapel\/wp-json\/wp\/v2\/pages\/44\/revisions"}],"predecessor-version":[{"id":10180,"href":"https:\/\/www.gemeinde-stapel.de\/stapel\/wp-json\/wp\/v2\/pages\/44\/revisions\/10180"}],"wp:attachment":[{"href":"https:\/\/www.gemeinde-stapel.de\/stapel\/wp-json\/wp\/v2\/media?parent=44"}],"curies":[{"name":"wp","href":"https:\/\/api.w.org\/{rel}","templated":true}]}}