{"id":41,"date":"2018-09-12T15:38:18","date_gmt":"2018-09-12T13:38:18","guid":{"rendered":"https:\/\/www.gemeinde-stapel.de\/stapel\/?page_id=41"},"modified":"2026-04-11T12:41:55","modified_gmt":"2026-04-11T10:41:55","slug":"adressen","status":"publish","type":"page","link":"https:\/\/www.gemeinde-stapel.de\/stapel\/adressen\/","title":{"rendered":"Wichtige Adressen und \u00d6ffnungszeiten"},"content":{"rendered":"<p>&nbsp;<\/p>\n<hr \/>\n<h3>Polizei \/ Notruf 110<\/h3>\n<p>Polizeistation Erfde<br \/>\nBeekstra\u00dfe 2<br \/>\n24803 Erfde<br \/>\nTel. 04333 4399940<\/p>\n<hr \/>\n<h3 id=\"feuerwehr\">Feuerwehr \/ Notruf 112<\/h3>\n<p>Freiwillige Feuerwehr Stapel<br \/>\nGemeindewehrf\u00fchrer Michael Krzewinsky<br \/>\nAm Wollenberg 2<br \/>\nTel. 0173 2456589<br \/>\n<a href=\"mailto:feuerwehr.stapel@amt-ks.de\">feuerwehr.stapel@amt-ks.de<\/a><\/p>\n<p>Rettungsleitstelle NORD in Harrislee<br \/>\nTel. 0461 19222<\/p>\n<hr \/>\n<h3 id=\"arzt\">Arzt<\/h3>\n<p>Medizinisches Versorgungszentrum Erfde (MVZ)<br \/>\nHeidkoppel 2<br \/>\n24803 Erfde<br \/>\nTel. 04333 99246\u20130<br \/>\n<a href=\"mailto:kontakt@mvz-erfde.de\">kontakt@mvz-erfde.de<\/a><\/p>\n<p>\u00d6ffnungszeiten:<br \/>\nMontag 7:30 \u2013 11:30 und 16 \u2013 18 Uhr<br \/>\nDienstag 7:30 \u2013 11:30 und 16 \u2013 18 Uhr<br \/>\nMittwoch 7:30 \u2013 11:30 Uhr<br \/>\nDonnerstag 7:30 \u2013 11:30 und 16 \u2013 18 Uhr<br \/>\nFreitag 7:30 \u2013 11:30 Uhr<\/p>\n<hr \/>\n<h3 id=\"apotheke\">Apotheke<\/h3>\n<p>Stapelholmer Apotheke<br \/>\nVogteistra\u00dfe 5<br \/>\nTel. 04883 371<br \/>\nFax 04883 8529999<br \/>\n<a href=\"mailto:apothekestapel@gmx.de\">apothekestapel@gmx.de<\/a><\/p>\n<p>\u00d6ffnungszeiten:<br \/>\nMontag 8 \u2013 12 und 14 \u2013 18 Uhr<br \/>\nDienstag 8 \u2013 12 und 14 \u2013 18 Uhr<br \/>\nMittwoch 8 \u2013 12 Uhr<br \/>\nDonnerstag 8 \u2013 12 und 14 \u2013 18 Uhr<br \/>\nFreitag 8 \u2013 12 und 14 \u2013 18 Uhr<br \/>\nSamstag 9 \u2013 12 Uhr<\/p>\n<hr \/>\n<p><a name=\"amt\"><\/a><\/p>\n<h3 id=\"amt\">Amt Kropp-Stapelholm<\/h3>\n<p>Am Markt 10<br \/>\n24848 Kropp<br \/>\nTel. 04624 72-0<br \/>\n<a href=\"https:\/\/www.kropp.de\/AMT-KROPP-STAPELHOLM\/Buergerservice\/\" target=\"_blank\" rel=\"noopener\">B\u00fcrgerservice des Amtes Kropp-Stapelholm<\/a><\/p>\n<h3>Au\u00dfenstelle Stapel<\/h3>\n<p>im B\u00fcrgerhaus Stapel<br \/>\nBahnhofstra\u00dfe 29<\/p>\n<p>Christel Pawlak<br \/>\nTel. 04883 179-16<br \/>\n<a href=\"mailto:c.pawlak@amt-ks.de\">c.pawlak@amt-ks.de<\/a><\/p>\n<p>\u00d6ffnungszeiten:<br \/>\nMontag 8 \u2013 12 Uhr<br \/>\nDienstag 8 \u2013 12 Uhr<br \/>\nMittwoch geschlossen<br \/>\nDonnerstag 8 \u2013 12 und 14 \u2013 17 Uhr<br \/>\nFreitag 8 \u2013 12 Uhr<\/p>\n<p><!-- \n\n<p><strong>Das B\u00fcrgerb\u00fcro in der Au\u00dfenstelle Stapel ist vom 30. M\u00e4rz bis einschlie\u00dflich 10. April 2026 nicht besetzt!<\/strong>\n<br \/>\nBitte wenden Sie sich an das B\u00fcrgerb\u00fcro im Rathaus der Gemeinde Kropp, Am Markt 10, Tel. 04624 720.<\/strong><br \/>\nFertige Ausweise und P\u00e4sse k\u00f6nnen dort abgeholt werden!\n<\/p>\n\n --><\/p>\n<hr \/>\n<h3 id=\"buero\">B\u00fcrgerb\u00fcro der Gemeinde<\/h3>\n<p>B\u00fcrgermeister<br \/>\nJ\u00f6rg Lundelius<br \/>\nFunk 0160 7116009<br \/>\n<a class=\"link\" href=\"mailto:buergermeister@gemeinde-stapel.de\">buergermeister@gemeinde-stapel.de<\/a><\/p>\n<p>Sprechzeiten:<br \/>\nDonnerstag\u00a0\u00a016 &#8211; 18 Uhr<br \/>\nim B\u00fcrgerhaus Stapel<br \/>\nBahnhofstra\u00dfe 29<\/p>\n<hr \/>\n<h3 id=\"senioren\">Seniorenbeirat der Gemeinde<\/h3>\n<p>Sprechzeiten:<br \/>\nJeden 1. Donnerstag im Monat\u00a0\u00a016 &#8211; 17 Uhr (erster 2026: 8. Januar!)<br \/>\nim B\u00fcrgerhaus Stapel<br \/>\nBahnhofstra\u00dfe 29<\/p>\n<hr \/>\n<h3>Ev.-Luth. Kirchengemeinde Stapelholm<\/h3>\n<p>Kirchenb\u00fcro im B\u00fcrgerhaus Stapel<br \/>\nBahnhofstra\u00dfe 29<br \/>\nTel. 04883 905724<br \/>\n<a href=\"http:\/\/www.kirche-in-stapelholm.de\" target=\"_blank\" rel=\"noopener noreferrer\">www.kirche-in-stapelholm.de<\/a><\/p>\n<p>\u00d6ffnungszeiten:<br \/>\nDienstag 10 \u2013 12 Uhr<br \/>\nDonnerstag 15 \u2013 17 Uhr<br \/>\nFreitag 9 \u2013 12 Uhr<\/p>\n<hr \/>\n<h3 id=\"fund\">Fundsachen<\/h3>\n<p>Amtsb\u00fcro im B\u00fcrgerhaus Stapel<br \/>\nBahnhofstra\u00dfe 29<br \/>\nChristel Pawlak<br \/>\nTelefon: 04883 179-16<br \/>\n<a href=\"mailto:christel.pawlak@kropp-stapelholm.de\">christel.pawlak@kropp-stapelholm.de<\/a><br \/>\nVer\u00f6ffentlichungen im <em>Stapelholm-Kurier<\/em><\/p>\n<hr \/>\n<h3 id=\"muell\">M\u00fcllabfuhr<\/h3>\n<p>ASF &#8211; Gesch\u00e4ftsstelle<br \/>\nLollfu\u00df 67<br \/>\n24837 Schleswig<br \/>\nServicetelefon: 04621 857222<br \/>\nMontag bis Freitag\u00a0 7:30 \u2013 17:00 Uhr<br \/>\n<a href=\"https:\/\/www.asf-online.de\/\" target=\"_blank\" rel=\"noopener noreferrer\">www.asf-online.de<\/a><\/p>\n<p>Die Abfuhrpl\u00e4ne k\u00f6nnen <a href=\"https:\/\/www.asf-online.de\/abfuhrtermine\/\" target=\"_blank\" rel=\"noopener noreferrer\">hier eingesehen und heruntergeladen<\/a> werden.<\/p>\n<hr \/>\n<h3>Pannendienst<\/h3>\n<p>Auto K\u00e4hler<br \/>\nHauptstra\u00dfe 7<br \/>\n25879 Stapel<br \/>\nTel. 04883 333<br \/>\n<a href=\"http:\/\/www.auto-kaehler.de\" target=\"_blank\" rel=\"noopener noreferrer\">www.auto-kaehler.de<\/a><\/p>\n<hr \/>\n<h3>Sportboothafen der Gemeinde<\/h3>\n<p>Hafenmeister Reiner Wilms und Michael Schulte <br \/>\nTel. 0173 6816239<br \/>\n<a href=\"mailto:Hafenmeister.stapel@amt-ks.de\">Hafenmeister.stapel@amt-ks.de<\/a><\/p>\n<p>Liegezeiten: 01. April bis 31. Oktober<\/p>\n<hr \/>\n<h3 id=\"buecher\">Tauschraum und B\u00fccherborde<\/h3>\n<p>im B\u00fcrgerhaus Stapel<br \/>\nBahnhofstra\u00dfe 29 <!-- <br \/>\nZu den\u00a0<a href=\"#amt\">\u00d6ffnungszeiten des Amtes<\/a> --><\/p>\n<p>\u00d6ffnungszeiten:<br \/>\nMontag 8 \u2013 12 Uhr<br \/>\nDienstag 8 \u2013 12 Uhr<br \/>\nMittwoch geschlossen<br \/>\nDonnerstag 8 \u2013 12 und 14 \u2013 17 Uhr<br \/>\nFreitag 8 \u2013 12 Uhr<\/p>\n<hr \/>\n<h3>Wasserversorgung<\/h3>\n<p>Wasserleitungsgenossenschaft e.G. S\u00fcderstapel<br \/>\nBernd Vorpahl<br \/>\nAm Streng 5<br \/>\n25879 Stapel<br \/>\nTel. 04883 539<\/p>\n<p>Wasserverband Treene (f\u00fcr OT Norderstapel)<br \/>\nOsterwittbekfeld 40<br \/>\n25872 Wittbek<br \/>\nTel. 04845 707-0<br \/>\n<a href=\"https:\/\/www.wv-treene.de\" target=\"_blank\" rel=\"noopener noreferrer\">www.wv-treene.de<\/a><\/p>\n","protected":false},"excerpt":{"rendered":"<p>&nbsp; Polizei \/ Notruf 110 Polizeistation Erfde Beekstra\u00dfe 2 24803 Erfde Tel. 04333 4399940 Feuerwehr \/ Notruf 112 Freiwillige Feuerwehr Stapel Gemeindewehrf\u00fchrer Michael Krzewinsky Am Wollenberg 2 Tel. 0173 2456589 feuerwehr.stapel@amt-ks.de Rettungsleitstelle NORD in Harrislee Tel. 0461 19222 Arzt Medizinisches Versorgungszentrum Erfde (MVZ) Heidkoppel 2 24803 Erfde Tel. 04333 99246\u20130 kontakt@mvz-erfde.de \u00d6ffnungszeiten: Montag 7:30 \u2013 11:30 und 16 \u2013 18 Uhr Dienstag 7:30 \u2013 11:30 und 16 \u2013 18 Uhr Mittwoch 7:30 \u2013 11:30 Uhr Donnerstag 7:30 \u2013 11:30 und 16 \u2013 18 Uhr Freitag 7:30 \u2013 11:30 Uhr Apotheke Stapelholmer Apotheke Vogteistra\u00dfe 5 Tel. 04883 371 Fax 04883 8529999 apothekestapel@gmx.de \u00d6ffnungszeiten: Montag 8 \u2013 12 und 14 \u2013 18 Uhr Dienstag 8 \u2013 12 und 14 \u2013 18 Uhr Mittwoch 8 \u2013 12 Uhr Donnerstag 8 \u2013 12 und 14 \u2013 18 Uhr Freitag 8 \u2013 12 und 14 \u2013 18 Uhr Samstag 9 \u2013 12 Uhr Amt Kropp-Stapelholm Am Markt 10 24848 Kropp Tel. 04624 72-0 B\u00fcrgerservice des Amtes Kropp-Stapelholm Au\u00dfenstelle Stapel im B\u00fcrgerhaus Stapel Bahnhofstra\u00dfe 29 Christel Pawlak Tel. 04883 179-16 c.pawlak@amt-ks.de \u00d6ffnungszeiten: Montag 8 \u2013 12 Uhr Dienstag 8 \u2013 12 Uhr Mittwoch geschlossen Donnerstag 8 \u2013 12 und 14 \u2013 17 Uhr Freitag 8 \u2013 12 Uhr B\u00fcrgerb\u00fcro der Gemeinde B\u00fcrgermeister J\u00f6rg Lundelius Funk 0160 7116009 buergermeister@gemeinde-stapel.de Sprechzeiten: Donnerstag\u00a0\u00a016 &#8211; 18 Uhr im B\u00fcrgerhaus Stapel Bahnhofstra\u00dfe 29 Seniorenbeirat der Gemeinde Sprechzeiten: Jeden 1. Donnerstag im Monat\u00a0\u00a016 &#8211; 17 Uhr (erster 2026: 8. Januar!) im B\u00fcrgerhaus Stapel Bahnhofstra\u00dfe 29 Ev.-Luth. Kirchengemeinde Stapelholm Kirchenb\u00fcro im B\u00fcrgerhaus Stapel Bahnhofstra\u00dfe 29 Tel. 04883 905724 www.kirche-in-stapelholm.de \u00d6ffnungszeiten: Dienstag 10 \u2013 12 Uhr Donnerstag 15 \u2013 17 Uhr Freitag 9 \u2013 12 Uhr Fundsachen Amtsb\u00fcro im B\u00fcrgerhaus Stapel Bahnhofstra\u00dfe 29 Christel Pawlak Telefon: 04883 179-16 christel.pawlak@kropp-stapelholm.de Ver\u00f6ffentlichungen im Stapelholm-Kurier M\u00fcllabfuhr ASF &#8211; Gesch\u00e4ftsstelle Lollfu\u00df 67 24837 Schleswig Servicetelefon: 04621 857222 Montag bis Freitag\u00a0 7:30 \u2013 17:00 Uhr www.asf-online.de Die Abfuhrpl\u00e4ne k\u00f6nnen hier eingesehen und heruntergeladen werden. Pannendienst Auto K\u00e4hler Hauptstra\u00dfe 7 25879 Stapel Tel. 04883 333 www.auto-kaehler.de Sportboothafen der Gemeinde Hafenmeister Reiner Wilms und Michael Schulte Tel. 0173 6816239 Hafenmeister.stapel@amt-ks.de Liegezeiten: 01. April bis 31. Oktober Tauschraum und B\u00fccherborde im B\u00fcrgerhaus Stapel Bahnhofstra\u00dfe 29 \u00d6ffnungszeiten: Montag 8 \u2013 12 Uhr Dienstag 8 \u2013 12 Uhr Mittwoch geschlossen Donnerstag 8 \u2013 12 und 14 \u2013 17 Uhr Freitag 8 \u2013 12 Uhr Wasserversorgung Wasserleitungsgenossenschaft e.G. S\u00fcderstapel Bernd Vorpahl Am Streng 5 25879 Stapel Tel. 04883 539 Wasserverband Treene (f\u00fcr OT Norderstapel) Osterwittbekfeld 40 25872 Wittbek Tel. 04845 707-0 www.wv-treene.de<\/p>\n","protected":false},"author":1,"featured_media":0,"parent":0,"menu_order":0,"comment_status":"closed","ping_status":"closed","template":"","meta":{"footnotes":""},"class_list":["post-41","page","type-page","status-publish","hentry"],"_links":{"self":[{"href":"https:\/\/www.gemeinde-stapel.de\/stapel\/wp-json\/wp\/v2\/pages\/41","targetHints":{"allow":["GET"]}}],"collection":[{"href":"https:\/\/www.gemeinde-stapel.de\/stapel\/wp-json\/wp\/v2\/pages"}],"about":[{"href":"https:\/\/www.gemeinde-stapel.de\/stapel\/wp-json\/wp\/v2\/types\/page"}],"author":[{"embeddable":true,"href":"https:\/\/www.gemeinde-stapel.de\/stapel\/wp-json\/wp\/v2\/users\/1"}],"replies":[{"embeddable":true,"href":"https:\/\/www.gemeinde-stapel.de\/stapel\/wp-json\/wp\/v2\/comments?post=41"}],"version-history":[{"count":11,"href":"https:\/\/www.gemeinde-stapel.de\/stapel\/wp-json\/wp\/v2\/pages\/41\/revisions"}],"predecessor-version":[{"id":10270,"href":"https:\/\/www.gemeinde-stapel.de\/stapel\/wp-json\/wp\/v2\/pages\/41\/revisions\/10270"}],"wp:attachment":[{"href":"https:\/\/www.gemeinde-stapel.de\/stapel\/wp-json\/wp\/v2\/media?parent=41"}],"curies":[{"name":"wp","href":"https:\/\/api.w.org\/{rel}","templated":true}]}}