{"id":271,"date":"2018-10-20T12:33:49","date_gmt":"2018-10-20T10:33:49","guid":{"rendered":"https:\/\/www.gemeinde-stapel.de\/stapel\/?page_id=271"},"modified":"2024-10-29T15:15:28","modified_gmt":"2024-10-29T14:15:28","slug":"sport","status":"publish","type":"page","link":"https:\/\/www.gemeinde-stapel.de\/stapel\/sport\/","title":{"rendered":"Sportliche Aktivit\u00e4ten"},"content":{"rendered":"<p>&nbsp;<\/p>\n<hr \/>\n<p><strong><a href=\"https:\/\/www.stapelholmer-sportgemeinschaft.de\" target=\"_blank\" rel=\"noopener noreferrer\">Stapelholmer Sport Gemeinschaft<\/a><a href=\"https:\/\/www.gemeinde-stapel.de\/stapel\/wp-content\/uploads\/2018\/11\/Sport-P1010390.jpg\" data-rel=\"lightbox-image-0\" data-rl_title=\"\" data-rl_caption=\"\" title=\"\"><img loading=\"lazy\" decoding=\"async\" class=\"alignright wp-image-946 size-medium\" src=\"https:\/\/www.gemeinde-stapel.de\/stapel\/wp-content\/uploads\/2018\/11\/Sport-P1010390-300x169.jpg\" alt=\"\" width=\"300\" height=\"169\" srcset=\"https:\/\/www.gemeinde-stapel.de\/stapel\/wp-content\/uploads\/2018\/11\/Sport-P1010390-300x169.jpg 300w, https:\/\/www.gemeinde-stapel.de\/stapel\/wp-content\/uploads\/2018\/11\/Sport-P1010390-768x432.jpg 768w, https:\/\/www.gemeinde-stapel.de\/stapel\/wp-content\/uploads\/2018\/11\/Sport-P1010390.jpg 1024w\" sizes=\"auto, (max-width: 300px) 100vw, 300px\" \/><\/a><\/strong><\/p>\n<p><strong>Sparten:<\/strong><br \/>\nBogenschie\u00dfen<br \/>\nLeichtatlethik<br \/>\nMini Ballschule<br \/>\nTennis<br \/>\nTurnen<br \/>\nReiten<br \/>\nSelbstverteidigung<br \/>\nVolleyball<\/p>\n<hr \/>\n<p><strong>Sportsch\u00fctzen Stapel<\/strong><\/p>\n<p>Die Sportsch\u00fctzen Stapel von 1966 e.V. wurden 1966 gegr\u00fcndet und begingen im Jahr 2016 ihr 50-j\u00e4hriges Jubil\u00e4um. Wir k\u00f6nnen auf viele sportliche Erfolge verweisen. Derzeit haben wir ungef\u00e4hr 25 aktive Sportsch\u00fctzen, die in unterschiedlichen Altersklassen, Disziplinen und Wettkampfebenen mit gro\u00dfer Begeisterung Erfolge erzielen.<\/p>\n<p>Wir schie\u00dfen Luftpistole und Luftgewehr Freihand sowie Luftgewehrauflage (ab 36 Jahre) und Luftpistoleauflage ( ab 56 Jahre) auf 10 Meter mit der neuen digitalen Trefferanzeige und Auswertung. \u00dcber das Jahr treten wir bei Pokalschie\u00dfen, Rundenwettk\u00e4mpfen sowie Vereins-, Kreis-, Landes- und Deutschen Meisterschaften an. Neben dem Leistungssport ist bei uns nat\u00fcrlich auch Platz f\u00fcr diejenigen, die nicht an Wettbewerben teilnehmen m\u00f6gen.<\/p>\n","protected":false},"excerpt":{"rendered":"<p>&nbsp; Stapelholmer Sport Gemeinschaft Sparten: Bogenschie\u00dfen Leichtatlethik Mini Ballschule Tennis Turnen Reiten Selbstverteidigung Volleyball Sportsch\u00fctzen Stapel Die Sportsch\u00fctzen Stapel von 1966 e.V. wurden 1966 gegr\u00fcndet und begingen im Jahr 2016 ihr 50-j\u00e4hriges Jubil\u00e4um. Wir k\u00f6nnen auf viele sportliche Erfolge verweisen. Derzeit haben wir ungef\u00e4hr 25 aktive Sportsch\u00fctzen, die in unterschiedlichen Altersklassen, Disziplinen und Wettkampfebenen mit gro\u00dfer Begeisterung Erfolge erzielen. Wir schie\u00dfen Luftpistole und Luftgewehr Freihand sowie Luftgewehrauflage (ab 36 Jahre) und Luftpistoleauflage ( ab 56 Jahre) auf 10 Meter mit der neuen digitalen Trefferanzeige und Auswertung. \u00dcber das Jahr treten wir bei Pokalschie\u00dfen, Rundenwettk\u00e4mpfen sowie Vereins-, Kreis-, Landes- und Deutschen Meisterschaften an. Neben dem Leistungssport ist bei uns nat\u00fcrlich auch Platz f\u00fcr diejenigen, die nicht an Wettbewerben teilnehmen m\u00f6gen.<\/p>\n","protected":false},"author":1,"featured_media":0,"parent":0,"menu_order":0,"comment_status":"closed","ping_status":"closed","template":"","meta":{"footnotes":""},"class_list":["post-271","page","type-page","status-publish","hentry"],"_links":{"self":[{"href":"https:\/\/www.gemeinde-stapel.de\/stapel\/wp-json\/wp\/v2\/pages\/271","targetHints":{"allow":["GET"]}}],"collection":[{"href":"https:\/\/www.gemeinde-stapel.de\/stapel\/wp-json\/wp\/v2\/pages"}],"about":[{"href":"https:\/\/www.gemeinde-stapel.de\/stapel\/wp-json\/wp\/v2\/types\/page"}],"author":[{"embeddable":true,"href":"https:\/\/www.gemeinde-stapel.de\/stapel\/wp-json\/wp\/v2\/users\/1"}],"replies":[{"embeddable":true,"href":"https:\/\/www.gemeinde-stapel.de\/stapel\/wp-json\/wp\/v2\/comments?post=271"}],"version-history":[{"count":8,"href":"https:\/\/www.gemeinde-stapel.de\/stapel\/wp-json\/wp\/v2\/pages\/271\/revisions"}],"predecessor-version":[{"id":8454,"href":"https:\/\/www.gemeinde-stapel.de\/stapel\/wp-json\/wp\/v2\/pages\/271\/revisions\/8454"}],"wp:attachment":[{"href":"https:\/\/www.gemeinde-stapel.de\/stapel\/wp-json\/wp\/v2\/media?parent=271"}],"curies":[{"name":"wp","href":"https:\/\/api.w.org\/{rel}","templated":true}]}}